, 5
What are the prime factors of 9223?
23, 401
What are the prime factors of 43828?
2, 10957
What are the prime factors of 28754?
2, 11, 1307
What are the prime factors of 27010?
2, 5, 37, 73
List the prime factors of 1779.
3, 593
List the prime factors of 4382.
2, 7, 313
What are the prime factors of 14825?
5, 593
List the prime factors of 3278.
2, 11, 149
List the prime factors of 1882.
2, 941
List the prime factors of 1627.
1627
List the prime factors of 2376.
2, 3, 11
List the prime factors of 1005.
3, 5, 67
List the prime factors of 66845.
5, 29, 461
List the prime factors of 17686.
2, 37, 239
List the prime factors of 1023.
3, 11, 31
What are the prime factors of 253?
11, 23
List the prime factors of 2631.
3, 877
List the prime factors of 56835.
3, 5, 421
What are the prime factors of 9198?
2, 3, 7, 73
What are the prime factors of 28833?
3, 7, 1373
What are the prime factors of 20097?
3, 7, 11, 29
List the prime factors of 2053.
2053
List the prime factors of 9312.
2, 3, 97
What are the prime factors of 2054?
2, 13, 79
List the prime factors of 2599.
23, 113
What are the prime factors of 8349?
3, 11, 23
What are the prime factors of 19600?
2, 5, 7
What are the prime factors of 91119?
3, 7, 4339
List the prime factors of 81775.
5, 3271
List the prime factors of 4155.
3, 5, 277
List the prime factors of 40976.
2, 13, 197
What are the prime factors of 126464?
2, 13, 19
What are the prime factors of 60595?
5, 12119
What are the prime factors of 192?
2, 3
List the prime factors of 3053.
43, 71
What are the prime factors of 42591?
3, 14197
List the prime factors of 2979.
3, 331
What are the prime factors of 520?
2, 5, 13
What are the prime factors of 19068?
2, 3, 7, 227
What are the prime factors of 47988?
2, 3, 31, 43
What are the prime factors of 1094?
2, 547
What are the prime factors of 3004?
2, 751
List the prime factors of 1798.
2, 29, 31
What are the prime factors of 18121?
18121
List the prime factors of 1228.
2, 307
What are the prime factors of 79?
79
List the prime factors of 1198.
2, 599
List the prime factors of 1542.
2, 3, 257
What are the prime factors of 1894?
2, 947
List the prime factors of 655.
5, 131
What are the prime factors of 1299?
3, 433
List the prime factors of 895.
5, 179
What are the prime factors of 4074?
2, 3, 7, 97
What are the prime factors of 56368?
2, 13, 271
What are the prime factors of 13447?
7, 17, 113
List the prime factors of 116.
2, 29
List the prime factors of 3923.
3923
List the prime factors of 1029.
3, 7
List the prime factors of 1401.
3, 467
List the prime factors of 1648.
2, 103
List the prime factors of 122.
2, 61
What are the prime factors of 71618?
2, 35809
What are the prime factors of 56864?
2, 1777
What are the prime factors of 87540?
2, 3, 5, 1459
List the prime factors of 16012.
2, 4003
List the prime factors of 1513.
17, 89
List the prime factors of 26083.
26083
List the prime factors of 12455.
5, 47, 53
What are the prime factors of 1400?
2, 5, 7
What are the prime factors of 3430?
2, 5, 7
What are the prime factors of 639?
3, 71
What are the prime factors of 4160?
2, 5, 13
What are the prime factors of 800?
2, 5
What are the prime factors of 95?
5, 19
What are the prime factors of 1852?
2, 463
List the prime factors of 1795.
5, 359
What are the prime factors of 73675?
5, 7, 421
List the prime factors of 1312.
2, 41
What are the prime factors of 1121?
19, 59
List the prime factors of 7889.
7, 23
What are the prime factors of 782?
2, 17, 23
List the prime factors of 52739.
23, 2293
What are the prime factors of 8504?
2, 1063
List the prime factors of 1658.
2, 829
List the prime factors of 559.
13, 43
What are the prime factors of 4296?
2, 3, 179
List the prime factors of 17970.
2, 3, 5, 599
List the prime factors of 2099.
2099
List the prime factors of 264.
2, 3, 11
What are the prime factors of 36008?
2, 7, 643
What are the prime factors of 53596?
2, 13399
What are the prime factors of 5894?
2, 7, 421
What are the prime factors of 9745?
5, 1949
What are the prime factors of 15733?
15733
List the prime factors of 1540.
2, 5, 7, 11
What are the prime factors of 1123?
1123
What are the prime factors of 177?
3, 59
List the prime factors of 61109.
53, 1153
List the prime factors of 11870.
2, 5, 1187
List the prime factors of 31312.
2, 19, 103
List the prime factors of 25908.
2, 3, 17, 127
What are the prime factors of 426?
2, 3, 71
What are the prime factors of 1476?
2, 3, 41
List the prime factors of 25639.
25639
List the prime factors of 2091.
3, 17, 41
List the prime factors of 1665.
3, 5, 37
What are the prime factors of 83481?
3, 27827
List the prime factors of 2151.
3, 239
What are the prime factors of 89660?
2, 5, 4483
List the prime factors of 32045.
5, 13, 17, 29
What are the prime factors of 1979?
1979
What are the prime factors of 8273?
8273
List the prime factors of 82.
2, 41
What are the prime factors of 869?
11, 79
List the prime factors of 13252.
2, 3313
List the prime factors of 114435.
3, 5, 2543
What are the prime factors of 29243?
29243
What are the prime factors of 301?
7, 43
What are the prime factors of 30955?
5, 41, 151
List the prime factors of 2129.
2129
What are the prime factors of 638?
2, 11, 29
List the prime factors of 465.
3, 5, 31
What are the prime factors of 821?
821
What are the prime factors of 13259?
13259
List the prime factors of 19805.
5, 17, 233
List the prime factors of 10632.
2, 3, 443
List the prime factors of 10403.
101, 103
List the prime factors of 11318.
2, 5659
What are the prime factors of 2294?
2, 31, 37
List the prime factors of 1626.
2, 3, 271
List the prime factors of 889.
7, 127
What are the prime factors of 1168?
2, 73
What are the prime factors of 1314?
2, 3, 73
What are the prime factors of 1139?
17, 67
List the prime factors of 78816.
2, 3, 821
List the prime factors of 3766.
2, 7, 269
List the prime factors of 3266.
2, 23, 71
List the prime factors of 159784.
2, 19973
List the prime factors of 2808.
2, 3, 13
List the prime factors of 319.
11, 29
What are the prime factors of 11632?
2, 727
What are the prime factors of 4310?
2, 5, 431
List the prime factors of 23662.
2, 11831
What are the prime factors of 6922?
2, 3461
What are the prime factors of 6455?
5, 1291
What are the prime factors of 1887?
3, 17, 37
List the prime factors of 541.
541
List the prime factors of 3328.
2, 13
What are the prime factors of 20367?
3, 31, 73
List the prime factors of 79512.
2, 3, 3313
What are the prime factors of 53615?
5, 10723
List the prime factors of 69633.
3, 2579
What are the prime factors of 50420?
2, 5, 2521
What are the prime factors of 2622?
2, 3, 19, 23
What are the prime factors of 16?
2
List the prime factors of 81945.
3, 5, 607
What are the prime factors of 761?
761
What are the prime factors of 29301?
3, 9767
What are the prime factors of 4437?
3, 17, 29
What are the prime factors of 14880?
2, 3, 5, 31
List the prime factors of 12057.
3, 4019
List the prime factors of 63811.
11, 5801
What are the prime factors of 5159?
7, 11, 67
List the prime factors of 963.
3, 107
What are the prime factors of 7162?
2, 3581
What are the prime factors of 808?
2, 101
What are the prime factors of 1279?
1279
List the prime factors of 85730.
2, 5, 8573
List the prime factors of 31585.
5, 6317
What are the prime factors of 1360?
2, 5, 17
List the prime factors of 4711.
7, 673
List the prime factors of 23454.
2, 3, 1303
List the prime factors of 3052.
2, 7, 109
List the prime factors of 4443.
3, 1481
What are the prime factors of 589?
19, 31
What are the prime factors of 9132?
2, 3, 761
What are the prime factors of 269?
269
What are the prime factors of 2921?
23, 127
List the prime factors of 81.
3
List the prime factors of 19117.
7, 2731
List the prime factors of 1105.
5, 13, 17
List the prime factors of 90138.
2, 3, 83, 181
What are the prime factors of 3473?
23, 151
List the prime factors of 1106.
2, 7, 79
List the prime factors of 32340.
2, 3, 5, 7, 11
List the prime factors of 7155.
3, 5, 53
What are the prime factors of 10502?
2, 59, 89
What are the prime factors of 8676?
2, 3, 241
List the prime factors of 1130.
2, 5, 113
What are the prime factors of 1936?
2, 11
What are the prime factors of 2478?
2, 3, 7, 59
What are the prime factors of 